{"id":230,"date":"2017-07-12T09:59:25","date_gmt":"2017-07-12T09:59:25","guid":{"rendered":"http:\/\/centrebadr.net\/?post_type=cpt_services&#038;p=230"},"modified":"2024-11-05T21:28:33","modified_gmt":"2024-11-06T02:28:33","slug":"marriage","status":"publish","type":"cpt_services","link":"https:\/\/centrebadr.net\/ar\/services\/marriage\/","title":{"rendered":"Iftar de Ramadan"},"content":{"rendered":"<p><strong>Iftar de Ramadan<\/strong><\/p>\n<p>Au Centre Islamique Badr, nous c\u00e9l\u00e9brons le mois sacr\u00e9 de Ramadan en offrant des iftars pour la communaut\u00e9.<\/p>\n<p>Les iftars sont ouverts \u00e0 tous les membres de la communaut\u00e9, qu&rsquo;ils soient seuls ou en famille. Nous veillons \u00e0 cr\u00e9er une ambiance chaleureuse et respectueuse, en offrant un cadre propice au recueillement et \u00e0 la pri\u00e8re apr\u00e8s le je\u00fbne.<\/p>\n<p><strong><span style=\"color: #db9e30;\">Plus d&rsquo;information:<\/span><\/strong><\/p>\n<p>Les informations pr\u00e9cises sur les horaires et l\u2019organisation des repas seront communiqu\u00e9es \u00e0 l\u2019approche du mois de Ramadan. Nous vous encourageons \u00e0 rester \u00e0 l\u2019\u00e9coute pour ne pas manquer les d\u00e9tails importants.<\/p>\n<p>Pour toute question ou pour plus d&rsquo;informations, n&rsquo;h\u00e9sitez pas \u00e0 contacter la mosqu\u00e9e. Nous serons ravis de vous accueillir et de partager ces moments b\u00e9nis ensemble.<\/p>","protected":false},"excerpt":{"rendered":"<p>Pendant le mois de Ramadan, le Centre Islamique Badr offre des iftars individuels et en famille pour la communaut\u00e9.<\/p>","protected":false},"author":1,"featured_media":0,"comment_status":"closed","ping_status":"closed","template":"","class_list":["post-230","cpt_services","type-cpt_services","status-publish","hentry","cpt_services_group-services-cib"],"_links":{"self":[{"href":"https:\/\/centrebadr.net\/ar\/wp-json\/wp\/v2\/cpt_services\/230","targetHints":{"allow":["GET"]}}],"collection":[{"href":"https:\/\/centrebadr.net\/ar\/wp-json\/wp\/v2\/cpt_services"}],"about":[{"href":"https:\/\/centrebadr.net\/ar\/wp-json\/wp\/v2\/types\/cpt_services"}],"author":[{"embeddable":true,"href":"https:\/\/centrebadr.net\/ar\/wp-json\/wp\/v2\/users\/1"}],"replies":[{"embeddable":true,"href":"https:\/\/centrebadr.net\/ar\/wp-json\/wp\/v2\/comments?post=230"}],"wp:attachment":[{"href":"https:\/\/centrebadr.net\/ar\/wp-json\/wp\/v2\/media?parent=230"}],"curies":[{"name":"wp","href":"https:\/\/api.w.org\/{rel}","templated":true}]}}

<p><strong>Iftar de Ramadan</strong></p>
<p>Au Centre Islamique Badr, nous célébrons le mois sacré de Ramadan en offrant des iftars pour la communauté.</p>
<p>Les iftars sont ouverts à tous les membres de la communauté, qu&rsquo;ils soient seuls ou en famille. Nous veillons à créer une ambiance chaleureuse et respectueuse, en offrant un cadre propice au recueillement et à la prière après le jeûne.</p>
<p><strong><span style="color: #db9e30;">Plus d&rsquo;information:</span></strong></p>
<p>Les informations précises sur les horaires et l’organisation des repas seront communiquées à l’approche du mois de Ramadan. Nous vous encourageons à rester à l’écoute pour ne pas manquer les détails importants.</p>
<p>Pour toute question ou pour plus d&rsquo;informations, n&rsquo;hésitez pas à contacter la mosquée. Nous serons ravis de vous accueillir et de partager ces moments bénis ensemble.</p>

<p>Pendant le mois de Ramadan, le Centre Islamique Badr offre des iftars individuels et en famille pour la communauté.</p>
